{"id":1128,"date":"2025-04-25T18:48:50","date_gmt":"2025-04-25T18:48:50","guid":{"rendered":"https:\/\/www.werte-im-blick.de\/wordpress\/?page_id=1128"},"modified":"2025-09-09T19:12:58","modified_gmt":"2025-09-09T19:12:58","slug":"tohuwabohu-chaos-im-viertel","status":"publish","type":"page","link":"https:\/\/www.werte-im-blick.de\/wordpress\/?page_id=1128","title":{"rendered":"Tohuwabohu &#8211; Chaos im Viertel"},"content":{"rendered":"\t\t<div data-elementor-type=\"wp-page\" data-elementor-id=\"1128\" class=\"elementor elementor-1128\">\n\t\t\t\t<div class=\"elementor-element elementor-element-6c6dfc54 e-con-full e-flex e-con e-parent\" data-id=\"6c6dfc54\" data-element_type=\"container\">\n\t\t<div class=\"elementor-element elementor-element-2c516cc5 e-con-full e-flex e-con e-child\" data-id=\"2c516cc5\" data-element_type=\"container\">\n\t\t\t\t<div class=\"elementor-element elementor-element-36acef0a elementor-widget elementor-widget-heading\" data-id=\"36acef0a\" data-element_type=\"widget\" data-widget_type=\"heading.default\">\n\t\t\t\t<div class=\"elementor-widget-container\">\n\t\t\t<h2 class=\"elementor-heading-title elementor-size-default\">Tohuwabohu - Chaos im Ort<\/h2>\t\t<\/div>\n\t\t\t\t<\/div>\n\t\t<div class=\"elementor-element elementor-element-32342352 e-con-full e-flex e-con e-child\" data-id=\"32342352\" data-element_type=\"container\">\n\t\t\t\t<div class=\"elementor-element elementor-element-1f648119 elementor-widget__width-initial elementor-widget elementor-widget-text-editor\" data-id=\"1f648119\" data-element_type=\"widget\" data-widget_type=\"text-editor.default\">\n\t\t\t\t<div class=\"elementor-widget-container\">\n\t\t\t\t\t\t\t<p><strong>Planspiel<\/strong> zum Thema Konflikt und L\u00f6sungsorientierung | Wissensvermittlung: Religionen<\/p>\n<p><em>&gt;&gt;&gt; Das Planspiel ist ausgelegt f\u00fcr eine Teilnehmendenzahl von 23-33 Personen | Mindestteilnehmendenzahl sind 21 Personen &lt;&lt;&lt;<\/em><\/p>\t\t\t\t\t\t<\/div>\n\t\t\t\t<\/div>\n\t\t\t\t<\/div>\n\t\t\t\t<\/div>\n\t\t<div class=\"elementor-element elementor-element-5c81510d e-con-full e-flex e-con e-child\" data-id=\"5c81510d\" data-element_type=\"container\">\n\t\t\t\t<div class=\"elementor-element elementor-element-5c2f59e3 elementor-widget elementor-widget-heading\" data-id=\"5c2f59e3\" data-element_type=\"widget\" data-widget_type=\"heading.default\">\n\t\t\t\t<div class=\"elementor-widget-container\">\n\t\t\t<h6 class=\"elementor-heading-title elementor-size-default\">Information\/ Inhalt<\/h6>\t\t<\/div>\n\t\t\t\t<\/div>\n\t\t\t\t<div class=\"elementor-element elementor-element-6e12b0ec elementor-widget elementor-widget-text-editor\" data-id=\"6e12b0ec\" data-element_type=\"widget\" data-widget_type=\"text-editor.default\">\n\t\t\t\t<div class=\"elementor-widget-container\">\n\t\t\t\t\t\t\t<p><img decoding=\"async\" class=\"size-thumbnail wp-image-1264 alignleft\" src=\"https:\/\/www.werte-im-blick.de\/wordpress\/wp-content\/uploads\/2025\/07\/QUARARO_Foto_Wiesehoefer-150x150.jpg\" alt=\"\" width=\"150\" height=\"150\" srcset=\"https:\/\/www.werte-im-blick.de\/wordpress\/wp-content\/uploads\/2025\/07\/QUARARO_Foto_Wiesehoefer-150x150.jpg 150w, https:\/\/www.werte-im-blick.de\/wordpress\/wp-content\/uploads\/2025\/07\/QUARARO_Foto_Wiesehoefer-300x300.jpg 300w, https:\/\/www.werte-im-blick.de\/wordpress\/wp-content\/uploads\/2025\/07\/QUARARO_Foto_Wiesehoefer-1024x1024.jpg 1024w, https:\/\/www.werte-im-blick.de\/wordpress\/wp-content\/uploads\/2025\/07\/QUARARO_Foto_Wiesehoefer-768x768.jpg 768w, https:\/\/www.werte-im-blick.de\/wordpress\/wp-content\/uploads\/2025\/07\/QUARARO_Foto_Wiesehoefer.jpg 1181w\" sizes=\"(max-width: 150px) 100vw, 150px\" \/>Das Planspiel vermittelt Wissen zu den drei monotheistischen Religionen (Christentum, Judentum, Islam) und zeigt, wie wertvoll Kompromisse sind und wie diese erreicht werden k\u00f6nnen.\u00a0<\/p><p>Rahmenhandlung ist das bevorstehende Marktfest, dass seit langer Zeit von f\u00fcnf nahebeieinander liegenden Gemeinden zusammen gefeiert wird. In Marktstadt, dem Schauplatz des Planspiels, sind viele junge Gruppierungen beteiligen. Sie wollen den Pokal der diesj\u00e4hrigen Marktfestspiele gewinnen, um im n\u00e4chsten Jahr das Fest ausrichten zu d\u00fcrfen. Neben Prestige und Ehre w\u00fcrde das f\u00fcr erhebliche Mehreinnahmen in der Kommune sorgen.\u00a0Die Trainingsleistungen der verschiedenen Gruppen lassen auf einen Sieg hoffen. Doch dann gibt es Vorkommnisse im Ort, die daf\u00fcr sorgen, dass einige eine Teilnahme von Marktstadt am Fest ablehnen. Auf allen Ebenen und in allen Altersklassen teilt sich der Ort nun in unterschiedliche Lager.\u00a0Pl\u00f6tzlich spielt Religionszugeh\u00f6rigkeit eine Rolle, der Konflikt droht zu eskalieren und der Pokal r\u00fcckt in weite Ferne. Damit wollen sich nicht alle Marktst\u00e4dter:innen \u2013 darunter viele Jugendlichen \u2013 \u00a0abfinden, sie suchen nach L\u00f6sungen und treffen sich im Jugendhaus\u2026<\/p>\t\t\t\t\t\t<\/div>\n\t\t\t\t<\/div>\n\t\t\t\t<div class=\"elementor-element elementor-element-ccb071f elementor-widget elementor-widget-heading\" data-id=\"ccb071f\" data-element_type=\"widget\" data-widget_type=\"heading.default\">\n\t\t\t\t<div class=\"elementor-widget-container\">\n\t\t\t<h6 class=\"elementor-heading-title elementor-size-default\">Ziele<\/h6>\t\t<\/div>\n\t\t\t\t<\/div>\n\t\t\t\t<div class=\"elementor-element elementor-element-22ba5ffd elementor-widget elementor-widget-text-editor\" data-id=\"22ba5ffd\" data-element_type=\"widget\" data-widget_type=\"text-editor.default\">\n\t\t\t\t<div class=\"elementor-widget-container\">\n\t\t\t\t\t\t\t<ul><li>L\u00f6sungsorientierung und Kompromissfindung<\/li><li>Informationsvermittlung zu den drei monotheistischen Religionen: Christentum, Judentum und Islam<\/li><li>Ein\u00fcben neuer Sichtweisen durch Perspektivenwechsel im Rollenspiel<\/li><li>Kennenlernen neuer Abstimmungs-\/Entscheidungsmethode (systemisches Konsensieren)<\/li><\/ul>\t\t\t\t\t\t<\/div>\n\t\t\t\t<\/div>\n\t\t\t\t<div class=\"elementor-element elementor-element-60c62fed elementor-widget elementor-widget-image\" data-id=\"60c62fed\" data-element_type=\"widget\" data-widget_type=\"image.default\">\n\t\t\t\t<div class=\"elementor-widget-container\">\n\t\t\t\t\t\t\t\t\t\t\t\t\t<img decoding=\"async\" width=\"1024\" height=\"5\" src=\"https:\/\/www.werte-im-blick.de\/wordpress\/wp-content\/uploads\/2024\/12\/Linie-1024x5.png\" class=\"attachment-large size-large wp-image-42\" alt=\"Trenn-Liene\" srcset=\"https:\/\/www.werte-im-blick.de\/wordpress\/wp-content\/uploads\/2024\/12\/Linie-1024x5.png 1024w, https:\/\/www.werte-im-blick.de\/wordpress\/wp-content\/uploads\/2024\/12\/Linie-300x2.png 300w, https:\/\/www.werte-im-blick.de\/wordpress\/wp-content\/uploads\/2024\/12\/Linie-768x4.png 768w, https:\/\/www.werte-im-blick.de\/wordpress\/wp-content\/uploads\/2024\/12\/Linie.png 1141w\" sizes=\"(max-width: 1024px) 100vw, 1024px\" \/>\t\t\t\t\t\t\t\t\t\t\t\t\t<\/div>\n\t\t\t\t<\/div>\n\t\t\t\t<\/div>\n\t\t<div class=\"elementor-element elementor-element-2b4f28dc e-con-full e-flex e-con e-child\" data-id=\"2b4f28dc\" data-element_type=\"container\">\n\t\t\t\t<div class=\"elementor-element elementor-element-38a9c128 elementor-widget elementor-widget-heading\" data-id=\"38a9c128\" data-element_type=\"widget\" data-widget_type=\"heading.default\">\n\t\t\t\t<div class=\"elementor-widget-container\">\n\t\t\t<h6 class=\"elementor-heading-title elementor-size-default\">Zielgruppe<\/h6>\t\t<\/div>\n\t\t\t\t<\/div>\n\t\t\t\t<div class=\"elementor-element elementor-element-136d23d4 elementor-widget elementor-widget-heading\" data-id=\"136d23d4\" data-element_type=\"widget\" data-widget_type=\"heading.default\">\n\t\t\t\t<div class=\"elementor-widget-container\">\n\t\t\t<h6 class=\"elementor-heading-title elementor-size-default\">Ab ca. 15 Jahre\/ Klassenstufe 9<\/h6>\t\t<\/div>\n\t\t\t\t<\/div>\n\t\t\t\t<\/div>\n\t\t<div class=\"elementor-element elementor-element-2d259ac7 e-con-full e-flex e-con e-child\" data-id=\"2d259ac7\" data-element_type=\"container\">\n\t\t\t\t<div class=\"elementor-element elementor-element-317dc74c elementor-widget elementor-widget-heading\" data-id=\"317dc74c\" data-element_type=\"widget\" data-widget_type=\"heading.default\">\n\t\t\t\t<div class=\"elementor-widget-container\">\n\t\t\t<h6 class=\"elementor-heading-title elementor-size-default\">Dauer<\/h6>\t\t<\/div>\n\t\t\t\t<\/div>\n\t\t\t\t<div class=\"elementor-element elementor-element-1b332b9e elementor-widget elementor-widget-heading\" data-id=\"1b332b9e\" data-element_type=\"widget\" data-widget_type=\"heading.default\">\n\t\t\t\t<div class=\"elementor-widget-container\">\n\t\t\t<h6 class=\"elementor-heading-title elementor-size-default\">4 Schulstunden (180 Minuten)<\/h6>\t\t<\/div>\n\t\t\t\t<\/div>\n\t\t\t\t<\/div>\n\t\t<div class=\"elementor-element elementor-element-b048536 e-con-full e-flex e-con e-child\" data-id=\"b048536\" data-element_type=\"container\">\n\t\t\t\t<div class=\"elementor-element elementor-element-318ccd7d elementor-widget elementor-widget-heading\" data-id=\"318ccd7d\" data-element_type=\"widget\" data-widget_type=\"heading.default\">\n\t\t\t\t<div class=\"elementor-widget-container\">\n\t\t\t<h6 class=\"elementor-heading-title elementor-size-default\">Kosten<\/h6>\t\t<\/div>\n\t\t\t\t<\/div>\n\t\t\t\t<div class=\"elementor-element elementor-element-7c2c190d elementor-widget elementor-widget-heading\" data-id=\"7c2c190d\" data-element_type=\"widget\" data-widget_type=\"heading.default\">\n\t\t\t\t<div class=\"elementor-widget-container\">\n\t\t\t<h6 class=\"elementor-heading-title elementor-size-default\">450,- \u20ac (brutto), zzgl. Fahrtkosten <br><br>(&gt;&gt;&gt; ab 2. Umsetzung an Folgetag(en) 400,-\u20ac (Brutto) je Umsetzung, ohne weitere Fahrtkosten)<\/h6>\t\t<\/div>\n\t\t\t\t<\/div>\n\t\t\t\t<\/div>\n\t\t<div class=\"elementor-element elementor-element-30e979eb e-con-full e-flex e-con e-child\" data-id=\"30e979eb\" data-element_type=\"container\">\n\t\t\t\t<\/div>\n\t\t<div class=\"elementor-element elementor-element-753ea8e4 e-con-full e-flex e-con e-child\" data-id=\"753ea8e4\" data-element_type=\"container\">\n\t\t\t\t<\/div>\n\t\t\t\t<\/div>\n\t\t\t\t<\/div>\n\t\t","protected":false},"excerpt":{"rendered":"<p>Tohuwabohu &#8211; Chaos im Ort Planspiel zum Thema Konflikt und L\u00f6sungsorientierung | Wissensvermittlung: Religionen &gt;&gt;&gt; Das Planspiel ist ausgelegt f\u00fcr eine Teilnehmendenzahl von 23-33 Personen | Mindestteilnehmendenzahl sind 21 Personen &#8230;<\/p>\n","protected":false},"author":2,"featured_media":0,"parent":0,"menu_order":0,"comment_status":"closed","ping_status":"closed","template":"","meta":{"footnotes":""},"class_list":["post-1128","page","type-page","status-publish","hentry"],"yoast_head":"<!-- This site is optimized with the Yoast SEO plugin v24.1 - https:\/\/yoast.com\/wordpress\/plugins\/seo\/ -->\n<title>Tohuwabohu - Chaos im Viertel - WERTE !M BLICK<\/title>\n<meta name=\"robots\" content=\"index, follow, max-snippet:-1, max-image-preview:large, max-video-preview:-1\" \/>\n<link rel=\"canonical\" href=\"https:\/\/www.werte-im-blick.de\/wordpress\/?page_id=1128\" \/>\n<meta property=\"og:locale\" content=\"de_DE\" \/>\n<meta property=\"og:type\" content=\"article\" \/>\n<meta property=\"og:title\" content=\"Tohuwabohu - Chaos im Viertel - WERTE !M BLICK\" \/>\n<meta property=\"og:description\" content=\"Tohuwabohu &#8211; Chaos im Ort Planspiel zum Thema Konflikt und L\u00f6sungsorientierung | Wissensvermittlung: Religionen &gt;&gt;&gt; Das Planspiel ist ausgelegt f\u00fcr eine Teilnehmendenzahl von 23-33 Personen | Mindestteilnehmendenzahl sind 21 Personen ...\" \/>\n<meta property=\"og:url\" content=\"https:\/\/www.werte-im-blick.de\/wordpress\/?page_id=1128\" \/>\n<meta property=\"og:site_name\" content=\"WERTE !M BLICK\" \/>\n<meta property=\"article:modified_time\" content=\"2025-09-09T19:12:58+00:00\" \/>\n<meta property=\"og:image\" content=\"https:\/\/www.werte-im-blick.de\/wordpress\/wp-content\/uploads\/2025\/07\/QUARARO_Foto_Wiesehoefer.jpg\" \/>\n\t<meta property=\"og:image:width\" content=\"1181\" \/>\n\t<meta property=\"og:image:height\" content=\"1181\" \/>\n\t<meta property=\"og:image:type\" content=\"image\/jpeg\" \/>\n<meta name=\"twitter:card\" content=\"summary_large_image\" \/>\n<meta name=\"twitter:label1\" content=\"Gesch\u00e4tzte Lesezeit\" \/>\n\t<meta name=\"twitter:data1\" content=\"2\u00a0Minuten\" \/>\n<script type=\"application\/ld+json\" class=\"yoast-schema-graph\">{\"@context\":\"https:\/\/schema.org\",\"@graph\":[{\"@type\":\"WebPage\",\"@id\":\"https:\/\/www.werte-im-blick.de\/wordpress\/?page_id=1128\",\"url\":\"https:\/\/www.werte-im-blick.de\/wordpress\/?page_id=1128\",\"name\":\"Tohuwabohu - Chaos im Viertel - WERTE !M BLICK\",\"isPartOf\":{\"@id\":\"https:\/\/www.werte-im-blick.de\/wordpress\/#website\"},\"primaryImageOfPage\":{\"@id\":\"https:\/\/www.werte-im-blick.de\/wordpress\/?page_id=1128#primaryimage\"},\"image\":{\"@id\":\"https:\/\/www.werte-im-blick.de\/wordpress\/?page_id=1128#primaryimage\"},\"thumbnailUrl\":\"https:\/\/www.werte-im-blick.de\/wordpress\/wp-content\/uploads\/2025\/07\/QUARARO_Foto_Wiesehoefer-150x150.jpg\",\"datePublished\":\"2025-04-25T18:48:50+00:00\",\"dateModified\":\"2025-09-09T19:12:58+00:00\",\"breadcrumb\":{\"@id\":\"https:\/\/www.werte-im-blick.de\/wordpress\/?page_id=1128#breadcrumb\"},\"inLanguage\":\"de\",\"potentialAction\":[{\"@type\":\"ReadAction\",\"target\":[\"https:\/\/www.werte-im-blick.de\/wordpress\/?page_id=1128\"]}]},{\"@type\":\"ImageObject\",\"inLanguage\":\"de\",\"@id\":\"https:\/\/www.werte-im-blick.de\/wordpress\/?page_id=1128#primaryimage\",\"url\":\"https:\/\/www.werte-im-blick.de\/wordpress\/wp-content\/uploads\/2025\/07\/QUARARO_Foto_Wiesehoefer.jpg\",\"contentUrl\":\"https:\/\/www.werte-im-blick.de\/wordpress\/wp-content\/uploads\/2025\/07\/QUARARO_Foto_Wiesehoefer.jpg\",\"width\":1181,\"height\":1181},{\"@type\":\"BreadcrumbList\",\"@id\":\"https:\/\/www.werte-im-blick.de\/wordpress\/?page_id=1128#breadcrumb\",\"itemListElement\":[{\"@type\":\"ListItem\",\"position\":1,\"name\":\"Startseite\",\"item\":\"https:\/\/www.werte-im-blick.de\/wordpress\/\"},{\"@type\":\"ListItem\",\"position\":2,\"name\":\"Tohuwabohu &#8211; Chaos im Viertel\"}]},{\"@type\":\"WebSite\",\"@id\":\"https:\/\/www.werte-im-blick.de\/wordpress\/#website\",\"url\":\"https:\/\/www.werte-im-blick.de\/wordpress\/\",\"name\":\"WERTE !M BLICK\",\"description\":\"\",\"publisher\":{\"@id\":\"https:\/\/www.werte-im-blick.de\/wordpress\/#organization\"},\"potentialAction\":[{\"@type\":\"SearchAction\",\"target\":{\"@type\":\"EntryPoint\",\"urlTemplate\":\"https:\/\/www.werte-im-blick.de\/wordpress\/?s={search_term_string}\"},\"query-input\":{\"@type\":\"PropertyValueSpecification\",\"valueRequired\":true,\"valueName\":\"search_term_string\"}}],\"inLanguage\":\"de\"},{\"@type\":\"Organization\",\"@id\":\"https:\/\/www.werte-im-blick.de\/wordpress\/#organization\",\"name\":\"WERTE !M BLICK\",\"url\":\"https:\/\/www.werte-im-blick.de\/wordpress\/\",\"logo\":{\"@type\":\"ImageObject\",\"inLanguage\":\"de\",\"@id\":\"https:\/\/www.werte-im-blick.de\/wordpress\/#\/schema\/logo\/image\/\",\"url\":\"https:\/\/www.werte-im-blick.de\/wordpress\/wp-content\/uploads\/2024\/12\/cropped-werte_im_blick_logo_website.png\",\"contentUrl\":\"https:\/\/www.werte-im-blick.de\/wordpress\/wp-content\/uploads\/2024\/12\/cropped-werte_im_blick_logo_website.png\",\"width\":329,\"height\":100,\"caption\":\"WERTE !M BLICK\"},\"image\":{\"@id\":\"https:\/\/www.werte-im-blick.de\/wordpress\/#\/schema\/logo\/image\/\"}}]}<\/script>\n<!-- \/ Yoast SEO plugin. -->","yoast_head_json":{"title":"Tohuwabohu - Chaos im Viertel - WERTE !M BLICK","robots":{"index":"index","follow":"follow","max-snippet":"max-snippet:-1","max-image-preview":"max-image-preview:large","max-video-preview":"max-video-preview:-1"},"canonical":"https:\/\/www.werte-im-blick.de\/wordpress\/?page_id=1128","og_locale":"de_DE","og_type":"article","og_title":"Tohuwabohu - Chaos im Viertel - WERTE !M BLICK","og_description":"Tohuwabohu &#8211; Chaos im Ort Planspiel zum Thema Konflikt und L\u00f6sungsorientierung | Wissensvermittlung: Religionen &gt;&gt;&gt; Das Planspiel ist ausgelegt f\u00fcr eine Teilnehmendenzahl von 23-33 Personen | Mindestteilnehmendenzahl sind 21 Personen ...","og_url":"https:\/\/www.werte-im-blick.de\/wordpress\/?page_id=1128","og_site_name":"WERTE !M BLICK","article_modified_time":"2025-09-09T19:12:58+00:00","og_image":[{"width":1181,"height":1181,"url":"https:\/\/www.werte-im-blick.de\/wordpress\/wp-content\/uploads\/2025\/07\/QUARARO_Foto_Wiesehoefer.jpg","type":"image\/jpeg"}],"twitter_card":"summary_large_image","twitter_misc":{"Gesch\u00e4tzte Lesezeit":"2\u00a0Minuten"},"schema":{"@context":"https:\/\/schema.org","@graph":[{"@type":"WebPage","@id":"https:\/\/www.werte-im-blick.de\/wordpress\/?page_id=1128","url":"https:\/\/www.werte-im-blick.de\/wordpress\/?page_id=1128","name":"Tohuwabohu - Chaos im Viertel - WERTE !M BLICK","isPartOf":{"@id":"https:\/\/www.werte-im-blick.de\/wordpress\/#website"},"primaryImageOfPage":{"@id":"https:\/\/www.werte-im-blick.de\/wordpress\/?page_id=1128#primaryimage"},"image":{"@id":"https:\/\/www.werte-im-blick.de\/wordpress\/?page_id=1128#primaryimage"},"thumbnailUrl":"https:\/\/www.werte-im-blick.de\/wordpress\/wp-content\/uploads\/2025\/07\/QUARARO_Foto_Wiesehoefer-150x150.jpg","datePublished":"2025-04-25T18:48:50+00:00","dateModified":"2025-09-09T19:12:58+00:00","breadcrumb":{"@id":"https:\/\/www.werte-im-blick.de\/wordpress\/?page_id=1128#breadcrumb"},"inLanguage":"de","potentialAction":[{"@type":"ReadAction","target":["https:\/\/www.werte-im-blick.de\/wordpress\/?page_id=1128"]}]},{"@type":"ImageObject","inLanguage":"de","@id":"https:\/\/www.werte-im-blick.de\/wordpress\/?page_id=1128#primaryimage","url":"https:\/\/www.werte-im-blick.de\/wordpress\/wp-content\/uploads\/2025\/07\/QUARARO_Foto_Wiesehoefer.jpg","contentUrl":"https:\/\/www.werte-im-blick.de\/wordpress\/wp-content\/uploads\/2025\/07\/QUARARO_Foto_Wiesehoefer.jpg","width":1181,"height":1181},{"@type":"BreadcrumbList","@id":"https:\/\/www.werte-im-blick.de\/wordpress\/?page_id=1128#breadcrumb","itemListElement":[{"@type":"ListItem","position":1,"name":"Startseite","item":"https:\/\/www.werte-im-blick.de\/wordpress\/"},{"@type":"ListItem","position":2,"name":"Tohuwabohu &#8211; Chaos im Viertel"}]},{"@type":"WebSite","@id":"https:\/\/www.werte-im-blick.de\/wordpress\/#website","url":"https:\/\/www.werte-im-blick.de\/wordpress\/","name":"WERTE !M BLICK","description":"","publisher":{"@id":"https:\/\/www.werte-im-blick.de\/wordpress\/#organization"},"potentialAction":[{"@type":"SearchAction","target":{"@type":"EntryPoint","urlTemplate":"https:\/\/www.werte-im-blick.de\/wordpress\/?s={search_term_string}"},"query-input":{"@type":"PropertyValueSpecification","valueRequired":true,"valueName":"search_term_string"}}],"inLanguage":"de"},{"@type":"Organization","@id":"https:\/\/www.werte-im-blick.de\/wordpress\/#organization","name":"WERTE !M BLICK","url":"https:\/\/www.werte-im-blick.de\/wordpress\/","logo":{"@type":"ImageObject","inLanguage":"de","@id":"https:\/\/www.werte-im-blick.de\/wordpress\/#\/schema\/logo\/image\/","url":"https:\/\/www.werte-im-blick.de\/wordpress\/wp-content\/uploads\/2024\/12\/cropped-werte_im_blick_logo_website.png","contentUrl":"https:\/\/www.werte-im-blick.de\/wordpress\/wp-content\/uploads\/2024\/12\/cropped-werte_im_blick_logo_website.png","width":329,"height":100,"caption":"WERTE !M BLICK"},"image":{"@id":"https:\/\/www.werte-im-blick.de\/wordpress\/#\/schema\/logo\/image\/"}}]}},"_links":{"self":[{"href":"https:\/\/www.werte-im-blick.de\/wordpress\/index.php?rest_route=\/wp\/v2\/pages\/1128","targetHints":{"allow":["GET"]}}],"collection":[{"href":"https:\/\/www.werte-im-blick.de\/wordpress\/index.php?rest_route=\/wp\/v2\/pages"}],"about":[{"href":"https:\/\/www.werte-im-blick.de\/wordpress\/index.php?rest_route=\/wp\/v2\/types\/page"}],"author":[{"embeddable":true,"href":"https:\/\/www.werte-im-blick.de\/wordpress\/index.php?rest_route=\/wp\/v2\/users\/2"}],"replies":[{"embeddable":true,"href":"https:\/\/www.werte-im-blick.de\/wordpress\/index.php?rest_route=%2Fwp%2Fv2%2Fcomments&post=1128"}],"version-history":[{"count":28,"href":"https:\/\/www.werte-im-blick.de\/wordpress\/index.php?rest_route=\/wp\/v2\/pages\/1128\/revisions"}],"predecessor-version":[{"id":1326,"href":"https:\/\/www.werte-im-blick.de\/wordpress\/index.php?rest_route=\/wp\/v2\/pages\/1128\/revisions\/1326"}],"wp:attachment":[{"href":"https:\/\/www.werte-im-blick.de\/wordpress\/index.php?rest_route=%2Fwp%2Fv2%2Fmedia&parent=1128"}],"curies":[{"name":"wp","href":"https:\/\/api.w.org\/{rel}","templated":true}]}}