{"id":309,"date":"2025-01-02T21:12:20","date_gmt":"2025-01-02T21:12:20","guid":{"rendered":"https:\/\/www.werte-im-blick.de\/wordpress\/?page_id=309"},"modified":"2025-08-20T20:27:45","modified_gmt":"2025-08-20T20:27:45","slug":"achtung-meine-meinung","status":"publish","type":"page","link":"https:\/\/www.werte-im-blick.de\/wordpress\/?page_id=309","title":{"rendered":"achtung_meine_meinung"},"content":{"rendered":"\t\t<div data-elementor-type=\"wp-page\" data-elementor-id=\"309\" class=\"elementor elementor-309\">\n\t\t\t\t<div class=\"elementor-element elementor-element-1627cf8 e-con-full e-flex e-con e-parent\" data-id=\"1627cf8\" data-element_type=\"container\">\n\t\t<div class=\"elementor-element elementor-element-059c2ed e-con-full e-flex e-con e-child\" data-id=\"059c2ed\" data-element_type=\"container\">\n\t\t\t\t<div class=\"elementor-element elementor-element-6f624ab elementor-widget elementor-widget-heading\" data-id=\"6f624ab\" data-element_type=\"widget\" data-widget_type=\"heading.default\">\n\t\t\t\t<div class=\"elementor-widget-container\">\n\t\t\t<h2 class=\"elementor-heading-title elementor-size-default\">ACHTUNG! - meine Meinung\u2026<\/h2>\t\t<\/div>\n\t\t\t\t<\/div>\n\t\t\t\t<\/div>\n\t\t<div class=\"elementor-element elementor-element-796d5c4 e-con-full e-flex e-con e-child\" data-id=\"796d5c4\" data-element_type=\"container\">\n\t\t\t\t<div class=\"elementor-element elementor-element-ded9c99 elementor-widget elementor-widget-heading\" data-id=\"ded9c99\" data-element_type=\"widget\" data-widget_type=\"heading.default\">\n\t\t\t\t<div class=\"elementor-widget-container\">\n\t\t\t<h5 class=\"elementor-heading-title elementor-size-default\">Information\/ Inhalt<\/h5>\t\t<\/div>\n\t\t\t\t<\/div>\n\t\t\t\t<div class=\"elementor-element elementor-element-98b9847 elementor-widget elementor-widget-text-editor\" data-id=\"98b9847\" data-element_type=\"widget\" data-widget_type=\"text-editor.default\">\n\t\t\t\t<div class=\"elementor-widget-container\">\n\t\t\t\t\t\t\t<p class=\"p1\"><img decoding=\"async\" class=\"alignnone size-thumbnail wp-image-1229 alignleft\" src=\"https:\/\/www.werte-im-blick.de\/wordpress\/wp-content\/uploads\/2025\/07\/ACHTUNG_meine_Meinung_Foto_Wiesehoefer-150x150.jpg\" alt=\"\" width=\"150\" height=\"150\" srcset=\"https:\/\/www.werte-im-blick.de\/wordpress\/wp-content\/uploads\/2025\/07\/ACHTUNG_meine_Meinung_Foto_Wiesehoefer-150x150.jpg 150w, https:\/\/www.werte-im-blick.de\/wordpress\/wp-content\/uploads\/2025\/07\/ACHTUNG_meine_Meinung_Foto_Wiesehoefer-300x300.jpg 300w, https:\/\/www.werte-im-blick.de\/wordpress\/wp-content\/uploads\/2025\/07\/ACHTUNG_meine_Meinung_Foto_Wiesehoefer-1024x1024.jpg 1024w, https:\/\/www.werte-im-blick.de\/wordpress\/wp-content\/uploads\/2025\/07\/ACHTUNG_meine_Meinung_Foto_Wiesehoefer-768x768.jpg 768w, https:\/\/www.werte-im-blick.de\/wordpress\/wp-content\/uploads\/2025\/07\/ACHTUNG_meine_Meinung_Foto_Wiesehoefer.jpg 1181w\" sizes=\"(max-width: 150px) 100vw, 150px\" \/>&#8222;Achtung!-meine Meinung&#8230;&#8220;ist ein Workshop zum Thema Meinungsfreiheit und deren Grenzen in einer Demokratie.<\/p><p class=\"p1\">Andersdenkende melden sich im \u00f6ffentlichen Raum meist sehr deutlich zu Wort. Die gesellschaftspolitische Kultur pr\u00e4gen mittlerweile heftige und hitzige Debatten, welche die bisher g\u00fcltigen Gespr\u00e4chsregeln &#8211; oftmals bewusst &#8211; missachten. Diejenigen, die den Ton versch\u00e4rfen und mit Absicht polarisieren, berufen sich auf Meinungsfreiheit und schlie\u00dfen gleichzeitig mit ihren vehement vertretenen Positionen Gruppen und Teile der Bev\u00f6lkerung aus. Reaktionen bleiben aus, weil die extremen Positionen von vielen als nicht diskutabel und teilbar empfunden werden. Dieses Schweigen best\u00e4rkt jedoch die Populisten und tr\u00e4gt zur Verunsicherung in der Gesellschaft bei.<\/p><p class=\"p1\">Wie k\u00f6nnen wir das Schweigen verlassen? Wie k\u00f6nnen wir in eine differenzierte Auseinandersetzung gehen und die freiheitlich demokratische Grundordnung st\u00e4rken? Was ist von der Meinungsfreiheit gedeckt, was nicht? Wo beginnt Hetze und wie kann ich dieser Einhalt gebieten?<\/p>\t\t\t\t\t\t<\/div>\n\t\t\t\t<\/div>\n\t\t\t\t<div class=\"elementor-element elementor-element-5630362 elementor-widget elementor-widget-heading\" data-id=\"5630362\" data-element_type=\"widget\" data-widget_type=\"heading.default\">\n\t\t\t\t<div class=\"elementor-widget-container\">\n\t\t\t<h5 class=\"elementor-heading-title elementor-size-default\">Ziele<\/h5>\t\t<\/div>\n\t\t\t\t<\/div>\n\t\t\t\t<div class=\"elementor-element elementor-element-9a108aa elementor-widget elementor-widget-text-editor\" data-id=\"9a108aa\" data-element_type=\"widget\" data-widget_type=\"text-editor.default\">\n\t\t\t\t<div class=\"elementor-widget-container\">\n\t\t\t\t\t\t\t<ul><li><p class=\"p2\">Die Teilnehmenden entwickeln ein Verst\u00e4ndnis f\u00fcr den Rechtsraum unserer demokratischen Gesellschaft.<\/p><\/li><li><p class=\"p2\">Sie werden sich bewusst, wie wichtig die Grundrechte sind, und dass auch Grundrechte durch andere Grundrechte begrenzt werden.<\/p><\/li><li><p class=\"p2\">Sie verstehen, dass Grundrechte nicht automatisch bestehen und wir alle uns daf\u00fcr einsetzen m\u00fcssen.<\/p><\/li><li><p class=\"p2\">Ein Verst\u00e4ndnis von Toleranz und Vielfalt wird einge\u00fcbt, um Dogmatismus und Fundamentalismus wirksam begegnen zu k\u00f6nnen.&#8220;<\/p><\/li><\/ul>\t\t\t\t\t\t<\/div>\n\t\t\t\t<\/div>\n\t\t\t\t<div class=\"elementor-element elementor-element-f5806c0 elementor-widget elementor-widget-image\" data-id=\"f5806c0\" data-element_type=\"widget\" data-widget_type=\"image.default\">\n\t\t\t\t<div class=\"elementor-widget-container\">\n\t\t\t\t\t\t\t\t\t\t\t\t\t<img decoding=\"async\" width=\"1024\" height=\"5\" src=\"https:\/\/www.werte-im-blick.de\/wordpress\/wp-content\/uploads\/2024\/12\/Linie-1024x5.png\" class=\"attachment-large size-large wp-image-42\" alt=\"Trenn-Liene\" srcset=\"https:\/\/www.werte-im-blick.de\/wordpress\/wp-content\/uploads\/2024\/12\/Linie-1024x5.png 1024w, https:\/\/www.werte-im-blick.de\/wordpress\/wp-content\/uploads\/2024\/12\/Linie-300x2.png 300w, https:\/\/www.werte-im-blick.de\/wordpress\/wp-content\/uploads\/2024\/12\/Linie-768x4.png 768w, https:\/\/www.werte-im-blick.de\/wordpress\/wp-content\/uploads\/2024\/12\/Linie.png 1141w\" sizes=\"(max-width: 1024px) 100vw, 1024px\" \/>\t\t\t\t\t\t\t\t\t\t\t\t\t<\/div>\n\t\t\t\t<\/div>\n\t\t\t\t<\/div>\n\t\t<div class=\"elementor-element elementor-element-6990634 e-con-full e-flex e-con e-child\" data-id=\"6990634\" data-element_type=\"container\">\n\t\t\t\t<div class=\"elementor-element elementor-element-fd8a741 elementor-widget elementor-widget-heading\" data-id=\"fd8a741\" data-element_type=\"widget\" data-widget_type=\"heading.default\">\n\t\t\t\t<div class=\"elementor-widget-container\">\n\t\t\t<h5 class=\"elementor-heading-title elementor-size-default\">Zielgruppe<\/h5>\t\t<\/div>\n\t\t\t\t<\/div>\n\t\t\t\t<div class=\"elementor-element elementor-element-286dd77 elementor-widget elementor-widget-heading\" data-id=\"286dd77\" data-element_type=\"widget\" data-widget_type=\"heading.default\">\n\t\t\t\t<div class=\"elementor-widget-container\">\n\t\t\t<h6 class=\"elementor-heading-title elementor-size-default\">Ab ca. 12 Jahre (Klassenstufe \u2265 6-10)<\/h6>\t\t<\/div>\n\t\t\t\t<\/div>\n\t\t\t\t<\/div>\n\t\t<div class=\"elementor-element elementor-element-d099ba0 e-con-full e-flex e-con e-child\" data-id=\"d099ba0\" data-element_type=\"container\">\n\t\t\t\t<div class=\"elementor-element elementor-element-84f210f elementor-widget elementor-widget-heading\" data-id=\"84f210f\" data-element_type=\"widget\" data-widget_type=\"heading.default\">\n\t\t\t\t<div class=\"elementor-widget-container\">\n\t\t\t<h5 class=\"elementor-heading-title elementor-size-default\">Dauer<\/h5>\t\t<\/div>\n\t\t\t\t<\/div>\n\t\t\t\t<div class=\"elementor-element elementor-element-c08b492 elementor-widget elementor-widget-heading\" data-id=\"c08b492\" data-element_type=\"widget\" data-widget_type=\"heading.default\">\n\t\t\t\t<div class=\"elementor-widget-container\">\n\t\t\t<h6 class=\"elementor-heading-title elementor-size-default\">2 Schulstunden (90 Minuten)<\/h6>\t\t<\/div>\n\t\t\t\t<\/div>\n\t\t\t\t<\/div>\n\t\t<div class=\"elementor-element elementor-element-97e7eda e-con-full e-flex e-con e-child\" data-id=\"97e7eda\" data-element_type=\"container\">\n\t\t\t\t<div class=\"elementor-element elementor-element-71366a4 elementor-widget elementor-widget-heading\" data-id=\"71366a4\" data-element_type=\"widget\" data-widget_type=\"heading.default\">\n\t\t\t\t<div class=\"elementor-widget-container\">\n\t\t\t<h5 class=\"elementor-heading-title elementor-size-default\">Kosten<\/h5>\t\t<\/div>\n\t\t\t\t<\/div>\n\t\t\t\t<div class=\"elementor-element elementor-element-7faf2d3 elementor-widget elementor-widget-heading\" data-id=\"7faf2d3\" data-element_type=\"widget\" data-widget_type=\"heading.default\">\n\t\t\t\t<div class=\"elementor-widget-container\">\n\t\t\t<h6 class=\"elementor-heading-title elementor-size-default\">175,- \u20ac (brutto) zzgl. Fahrtkosten<\/h6>\t\t<\/div>\n\t\t\t\t<\/div>\n\t\t\t\t<\/div>\n\t\t<div class=\"elementor-element elementor-element-1559123 e-con-full e-flex e-con e-child\" data-id=\"1559123\" data-element_type=\"container\">\n\t\t\t\t<\/div>\n\t\t<div class=\"elementor-element elementor-element-ca743d4 e-con-full e-flex e-con e-child\" data-id=\"ca743d4\" data-element_type=\"container\">\n\t\t\t\t<\/div>\n\t\t\t\t<\/div>\n\t\t\t\t<\/div>\n\t\t","protected":false},"excerpt":{"rendered":"<p>ACHTUNG! &#8211; meine Meinung\u2026 Information\/ Inhalt &#8222;Achtung!-meine Meinung&#8230;&#8220;ist ein Workshop zum Thema Meinungsfreiheit und deren Grenzen in einer Demokratie. Andersdenkende melden sich im \u00f6ffentlichen Raum meist sehr deutlich zu Wort. &#8230;<\/p>\n","protected":false},"author":1,"featured_media":0,"parent":0,"menu_order":0,"comment_status":"closed","ping_status":"closed","template":"","meta":{"footnotes":""},"class_list":["post-309","page","type-page","status-publish","hentry"],"yoast_head":"<!-- This site is optimized with the Yoast SEO plugin v24.1 - https:\/\/yoast.com\/wordpress\/plugins\/seo\/ -->\n<title>Workshop zum Thema Meinungsfreiheit und deren Grenzen<\/title>\n<meta name=\"description\" content=\"Achtung!-meine Meinung... ist ein Workshop \u00fcber Rechten und Grenzen in einer Demokratie am Beispiel der Meinungsfreiheit.\" \/>\n<meta name=\"robots\" content=\"index, follow, max-snippet:-1, max-image-preview:large, max-video-preview:-1\" \/>\n<link rel=\"canonical\" href=\"https:\/\/www.werte-im-blick.de\/wordpress\/?page_id=309\" \/>\n<meta property=\"og:locale\" content=\"de_DE\" \/>\n<meta property=\"og:type\" content=\"article\" \/>\n<meta property=\"og:title\" content=\"Achtung!-meine Meinung... Demokratieworkshop\" \/>\n<meta property=\"og:description\" content=\"Workshop zum Thema Meinungsfreiheit, Grenzen und Recht\" \/>\n<meta property=\"og:url\" content=\"https:\/\/www.werte-im-blick.de\/wordpress\/?page_id=309\" \/>\n<meta property=\"og:site_name\" content=\"WERTE !M BLICK\" \/>\n<meta property=\"article:modified_time\" content=\"2025-08-20T20:27:45+00:00\" \/>\n<meta property=\"og:image\" content=\"https:\/\/www.werte-im-blick.de\/wordpress\/wp-content\/uploads\/2025\/07\/ACHTUNG_meine_Meinung_Foto_Wiesehoefer.jpg\" \/>\n\t<meta property=\"og:image:width\" content=\"1181\" \/>\n\t<meta property=\"og:image:height\" content=\"1181\" \/>\n\t<meta property=\"og:image:type\" content=\"image\/jpeg\" \/>\n<meta name=\"twitter:card\" content=\"summary_large_image\" \/>\n<meta name=\"twitter:label1\" content=\"Gesch\u00e4tzte Lesezeit\" \/>\n\t<meta name=\"twitter:data1\" content=\"2\u00a0Minuten\" \/>\n<script type=\"application\/ld+json\" class=\"yoast-schema-graph\">{\"@context\":\"https:\/\/schema.org\",\"@graph\":[{\"@type\":\"WebPage\",\"@id\":\"https:\/\/www.werte-im-blick.de\/wordpress\/?page_id=309\",\"url\":\"https:\/\/www.werte-im-blick.de\/wordpress\/?page_id=309\",\"name\":\"Workshop zum Thema Meinungsfreiheit und deren Grenzen\",\"isPartOf\":{\"@id\":\"https:\/\/www.werte-im-blick.de\/wordpress\/#website\"},\"primaryImageOfPage\":{\"@id\":\"https:\/\/www.werte-im-blick.de\/wordpress\/?page_id=309#primaryimage\"},\"image\":{\"@id\":\"https:\/\/www.werte-im-blick.de\/wordpress\/?page_id=309#primaryimage\"},\"thumbnailUrl\":\"https:\/\/www.werte-im-blick.de\/wordpress\/wp-content\/uploads\/2025\/07\/ACHTUNG_meine_Meinung_Foto_Wiesehoefer-150x150.jpg\",\"datePublished\":\"2025-01-02T21:12:20+00:00\",\"dateModified\":\"2025-08-20T20:27:45+00:00\",\"description\":\"Achtung!-meine Meinung... ist ein Workshop \u00fcber Rechten und Grenzen in einer Demokratie am Beispiel der Meinungsfreiheit.\",\"breadcrumb\":{\"@id\":\"https:\/\/www.werte-im-blick.de\/wordpress\/?page_id=309#breadcrumb\"},\"inLanguage\":\"de\",\"potentialAction\":[{\"@type\":\"ReadAction\",\"target\":[\"https:\/\/www.werte-im-blick.de\/wordpress\/?page_id=309\"]}]},{\"@type\":\"ImageObject\",\"inLanguage\":\"de\",\"@id\":\"https:\/\/www.werte-im-blick.de\/wordpress\/?page_id=309#primaryimage\",\"url\":\"https:\/\/www.werte-im-blick.de\/wordpress\/wp-content\/uploads\/2025\/07\/ACHTUNG_meine_Meinung_Foto_Wiesehoefer.jpg\",\"contentUrl\":\"https:\/\/www.werte-im-blick.de\/wordpress\/wp-content\/uploads\/2025\/07\/ACHTUNG_meine_Meinung_Foto_Wiesehoefer.jpg\",\"width\":1181,\"height\":1181},{\"@type\":\"BreadcrumbList\",\"@id\":\"https:\/\/www.werte-im-blick.de\/wordpress\/?page_id=309#breadcrumb\",\"itemListElement\":[{\"@type\":\"ListItem\",\"position\":1,\"name\":\"Startseite\",\"item\":\"https:\/\/www.werte-im-blick.de\/wordpress\/\"},{\"@type\":\"ListItem\",\"position\":2,\"name\":\"achtung_meine_meinung\"}]},{\"@type\":\"WebSite\",\"@id\":\"https:\/\/www.werte-im-blick.de\/wordpress\/#website\",\"url\":\"https:\/\/www.werte-im-blick.de\/wordpress\/\",\"name\":\"WERTE !M BLICK\",\"description\":\"\",\"publisher\":{\"@id\":\"https:\/\/www.werte-im-blick.de\/wordpress\/#organization\"},\"potentialAction\":[{\"@type\":\"SearchAction\",\"target\":{\"@type\":\"EntryPoint\",\"urlTemplate\":\"https:\/\/www.werte-im-blick.de\/wordpress\/?s={search_term_string}\"},\"query-input\":{\"@type\":\"PropertyValueSpecification\",\"valueRequired\":true,\"valueName\":\"search_term_string\"}}],\"inLanguage\":\"de\"},{\"@type\":\"Organization\",\"@id\":\"https:\/\/www.werte-im-blick.de\/wordpress\/#organization\",\"name\":\"WERTE !M BLICK\",\"url\":\"https:\/\/www.werte-im-blick.de\/wordpress\/\",\"logo\":{\"@type\":\"ImageObject\",\"inLanguage\":\"de\",\"@id\":\"https:\/\/www.werte-im-blick.de\/wordpress\/#\/schema\/logo\/image\/\",\"url\":\"https:\/\/www.werte-im-blick.de\/wordpress\/wp-content\/uploads\/2024\/12\/cropped-werte_im_blick_logo_website.png\",\"contentUrl\":\"https:\/\/www.werte-im-blick.de\/wordpress\/wp-content\/uploads\/2024\/12\/cropped-werte_im_blick_logo_website.png\",\"width\":329,\"height\":100,\"caption\":\"WERTE !M BLICK\"},\"image\":{\"@id\":\"https:\/\/www.werte-im-blick.de\/wordpress\/#\/schema\/logo\/image\/\"}}]}<\/script>\n<!-- \/ Yoast SEO plugin. -->","yoast_head_json":{"title":"Workshop zum Thema Meinungsfreiheit und deren Grenzen","description":"Achtung!-meine Meinung... ist ein Workshop \u00fcber Rechten und Grenzen in einer Demokratie am Beispiel der Meinungsfreiheit.","robots":{"index":"index","follow":"follow","max-snippet":"max-snippet:-1","max-image-preview":"max-image-preview:large","max-video-preview":"max-video-preview:-1"},"canonical":"https:\/\/www.werte-im-blick.de\/wordpress\/?page_id=309","og_locale":"de_DE","og_type":"article","og_title":"Achtung!-meine Meinung... Demokratieworkshop","og_description":"Workshop zum Thema Meinungsfreiheit, Grenzen und Recht","og_url":"https:\/\/www.werte-im-blick.de\/wordpress\/?page_id=309","og_site_name":"WERTE !M BLICK","article_modified_time":"2025-08-20T20:27:45+00:00","og_image":[{"width":1181,"height":1181,"url":"https:\/\/www.werte-im-blick.de\/wordpress\/wp-content\/uploads\/2025\/07\/ACHTUNG_meine_Meinung_Foto_Wiesehoefer.jpg","type":"image\/jpeg"}],"twitter_card":"summary_large_image","twitter_misc":{"Gesch\u00e4tzte Lesezeit":"2\u00a0Minuten"},"schema":{"@context":"https:\/\/schema.org","@graph":[{"@type":"WebPage","@id":"https:\/\/www.werte-im-blick.de\/wordpress\/?page_id=309","url":"https:\/\/www.werte-im-blick.de\/wordpress\/?page_id=309","name":"Workshop zum Thema Meinungsfreiheit und deren Grenzen","isPartOf":{"@id":"https:\/\/www.werte-im-blick.de\/wordpress\/#website"},"primaryImageOfPage":{"@id":"https:\/\/www.werte-im-blick.de\/wordpress\/?page_id=309#primaryimage"},"image":{"@id":"https:\/\/www.werte-im-blick.de\/wordpress\/?page_id=309#primaryimage"},"thumbnailUrl":"https:\/\/www.werte-im-blick.de\/wordpress\/wp-content\/uploads\/2025\/07\/ACHTUNG_meine_Meinung_Foto_Wiesehoefer-150x150.jpg","datePublished":"2025-01-02T21:12:20+00:00","dateModified":"2025-08-20T20:27:45+00:00","description":"Achtung!-meine Meinung... ist ein Workshop \u00fcber Rechten und Grenzen in einer Demokratie am Beispiel der Meinungsfreiheit.","breadcrumb":{"@id":"https:\/\/www.werte-im-blick.de\/wordpress\/?page_id=309#breadcrumb"},"inLanguage":"de","potentialAction":[{"@type":"ReadAction","target":["https:\/\/www.werte-im-blick.de\/wordpress\/?page_id=309"]}]},{"@type":"ImageObject","inLanguage":"de","@id":"https:\/\/www.werte-im-blick.de\/wordpress\/?page_id=309#primaryimage","url":"https:\/\/www.werte-im-blick.de\/wordpress\/wp-content\/uploads\/2025\/07\/ACHTUNG_meine_Meinung_Foto_Wiesehoefer.jpg","contentUrl":"https:\/\/www.werte-im-blick.de\/wordpress\/wp-content\/uploads\/2025\/07\/ACHTUNG_meine_Meinung_Foto_Wiesehoefer.jpg","width":1181,"height":1181},{"@type":"BreadcrumbList","@id":"https:\/\/www.werte-im-blick.de\/wordpress\/?page_id=309#breadcrumb","itemListElement":[{"@type":"ListItem","position":1,"name":"Startseite","item":"https:\/\/www.werte-im-blick.de\/wordpress\/"},{"@type":"ListItem","position":2,"name":"achtung_meine_meinung"}]},{"@type":"WebSite","@id":"https:\/\/www.werte-im-blick.de\/wordpress\/#website","url":"https:\/\/www.werte-im-blick.de\/wordpress\/","name":"WERTE !M BLICK","description":"","publisher":{"@id":"https:\/\/www.werte-im-blick.de\/wordpress\/#organization"},"potentialAction":[{"@type":"SearchAction","target":{"@type":"EntryPoint","urlTemplate":"https:\/\/www.werte-im-blick.de\/wordpress\/?s={search_term_string}"},"query-input":{"@type":"PropertyValueSpecification","valueRequired":true,"valueName":"search_term_string"}}],"inLanguage":"de"},{"@type":"Organization","@id":"https:\/\/www.werte-im-blick.de\/wordpress\/#organization","name":"WERTE !M BLICK","url":"https:\/\/www.werte-im-blick.de\/wordpress\/","logo":{"@type":"ImageObject","inLanguage":"de","@id":"https:\/\/www.werte-im-blick.de\/wordpress\/#\/schema\/logo\/image\/","url":"https:\/\/www.werte-im-blick.de\/wordpress\/wp-content\/uploads\/2024\/12\/cropped-werte_im_blick_logo_website.png","contentUrl":"https:\/\/www.werte-im-blick.de\/wordpress\/wp-content\/uploads\/2024\/12\/cropped-werte_im_blick_logo_website.png","width":329,"height":100,"caption":"WERTE !M BLICK"},"image":{"@id":"https:\/\/www.werte-im-blick.de\/wordpress\/#\/schema\/logo\/image\/"}}]}},"_links":{"self":[{"href":"https:\/\/www.werte-im-blick.de\/wordpress\/index.php?rest_route=\/wp\/v2\/pages\/309","targetHints":{"allow":["GET"]}}],"collection":[{"href":"https:\/\/www.werte-im-blick.de\/wordpress\/index.php?rest_route=\/wp\/v2\/pages"}],"about":[{"href":"https:\/\/www.werte-im-blick.de\/wordpress\/index.php?rest_route=\/wp\/v2\/types\/page"}],"author":[{"embeddable":true,"href":"https:\/\/www.werte-im-blick.de\/wordpress\/index.php?rest_route=\/wp\/v2\/users\/1"}],"replies":[{"embeddable":true,"href":"https:\/\/www.werte-im-blick.de\/wordpress\/index.php?rest_route=%2Fwp%2Fv2%2Fcomments&post=309"}],"version-history":[{"count":22,"href":"https:\/\/www.werte-im-blick.de\/wordpress\/index.php?rest_route=\/wp\/v2\/pages\/309\/revisions"}],"predecessor-version":[{"id":1295,"href":"https:\/\/www.werte-im-blick.de\/wordpress\/index.php?rest_route=\/wp\/v2\/pages\/309\/revisions\/1295"}],"wp:attachment":[{"href":"https:\/\/www.werte-im-blick.de\/wordpress\/index.php?rest_route=%2Fwp%2Fv2%2Fmedia&parent=309"}],"curies":[{"name":"wp","href":"https:\/\/api.w.org\/{rel}","templated":true}]}}