{"id":497,"date":"2025-01-03T22:28:48","date_gmt":"2025-01-03T22:28:48","guid":{"rendered":"https:\/\/www.werte-im-blick.de\/wordpress\/?page_id=497"},"modified":"2025-01-08T08:02:14","modified_gmt":"2025-01-08T08:02:14","slug":"moegliche_themenfelder_fuer_sytemische_beratung","status":"publish","type":"page","link":"https:\/\/www.werte-im-blick.de\/wordpress\/?page_id=497","title":{"rendered":"moegliche_themenfelder_fuer_sytemische_beratung"},"content":{"rendered":"\t\t<div data-elementor-type=\"wp-page\" data-elementor-id=\"497\" class=\"elementor elementor-497\">\n\t\t\t\t<div class=\"elementor-element elementor-element-69ec2d82 e-con-full e-flex e-con e-parent\" data-id=\"69ec2d82\" data-element_type=\"container\">\n\t\t<div class=\"elementor-element elementor-element-b0b96fc e-con-full e-flex e-con e-child\" data-id=\"b0b96fc\" data-element_type=\"container\">\n\t\t\t\t<div class=\"elementor-element elementor-element-7b4bc522 elementor-widget elementor-widget-heading\" data-id=\"7b4bc522\" data-element_type=\"widget\" data-widget_type=\"heading.default\">\n\t\t\t\t<div class=\"elementor-widget-container\">\n\t\t\t<h2 class=\"elementor-heading-title elementor-size-default\">M\u00f6gliche Themenfelder f\u00fcr systemische Beratung<\/h2>\t\t<\/div>\n\t\t\t\t<\/div>\n\t\t\t\t<\/div>\n\t\t<div class=\"elementor-element elementor-element-6834c8ce e-con-full e-flex e-con e-child\" data-id=\"6834c8ce\" data-element_type=\"container\">\n\t\t\t\t<div class=\"elementor-element elementor-element-124fa0c5 elementor-widget elementor-widget-text-editor\" data-id=\"124fa0c5\" data-element_type=\"widget\" data-widget_type=\"text-editor.default\">\n\t\t\t\t<div class=\"elementor-widget-container\">\n\t\t\t\t\t\t\t<ul><li>\u00dcberg\u00e4nge und Krisen (privat und\/oder beruflich)<\/li><li>Selbstreflexion und Identit\u00e4tsfindung<\/li><li>Selbstvertrauen und Selbstwert<\/li><li>Stressmanagement und Work-Life-Balance<\/li><li>Ver\u00e4nderung von inneren Bildern und Glaubenss\u00e4tze<\/li><li>Kariereplanung, berufliche (Neu-)Orientierung<\/li><li>Produktivit\u00e4t\/ Prokrastination<\/li><li>Ver\u00e4nderungen von Lebenssituationen (Familie, Partnerschaft)<\/li><li>&#8230; und alle weiteren Themen, die aktuell f\u00fcr Sie wichtig sind und angegangen werden sollen&#8230;.<\/li><\/ul>\t\t\t\t\t\t<\/div>\n\t\t\t\t<\/div>\n\t\t\t\t<\/div>\n\t\t<div class=\"elementor-element elementor-element-415d6a7 e-con-full e-flex e-con e-child\" data-id=\"415d6a7\" data-element_type=\"container\">\n\t\t\t\t<\/div>\n\t\t<div class=\"elementor-element elementor-element-2eb2786b e-con-full e-flex e-con e-child\" data-id=\"2eb2786b\" data-element_type=\"container\">\n\t\t\t\t<\/div>\n\t\t<div class=\"elementor-element elementor-element-45c812ee e-con-full e-flex e-con e-child\" data-id=\"45c812ee\" data-element_type=\"container\">\n\t\t\t\t<\/div>\n\t\t\t\t<\/div>\n\t\t\t\t<\/div>\n\t\t","protected":false},"excerpt":{"rendered":"<p>M\u00f6gliche Themenfelder f\u00fcr systemische Beratung \u00dcberg\u00e4nge und Krisen (privat und\/oder beruflich) Selbstreflexion und Identit\u00e4tsfindung Selbstvertrauen und Selbstwert Stressmanagement und Work-Life-Balance Ver\u00e4nderung von inneren Bildern und Glaubenss\u00e4tze Kariereplanung, berufliche (Neu-)Orientierung Produktivit\u00e4t\/ &#8230;<\/p>\n","protected":false},"author":1,"featured_media":0,"parent":0,"menu_order":0,"comment_status":"closed","ping_status":"closed","template":"","meta":{"footnotes":""},"class_list":["post-497","page","type-page","status-publish","hentry"],"yoast_head":"<!-- This site is optimized with the Yoast SEO plugin v24.1 - https:\/\/yoast.com\/wordpress\/plugins\/seo\/ -->\n<title>moegliche_themenfelder_fuer_sytemische_beratung - WERTE !M BLICK %<\/title>\n<meta name=\"description\" content=\"\u00dcbersicht \u00fcber m\u00f6gliche Bereiche systemischer Beratung f\u00fcr einen Abgleich, ob das Angebot zur pers\u00f6nlichen Fragestellung passt.\" \/>\n<meta name=\"robots\" content=\"index, follow, max-snippet:-1, max-image-preview:large, max-video-preview:-1\" \/>\n<link rel=\"canonical\" href=\"https:\/\/www.werte-im-blick.de\/wordpress\/?page_id=497\" \/>\n<meta property=\"og:locale\" content=\"de_DE\" \/>\n<meta property=\"og:type\" content=\"article\" \/>\n<meta property=\"og:title\" content=\"moegliche_themenfelder_fuer_sytemische_beratung - WERTE !M BLICK %\" \/>\n<meta property=\"og:description\" content=\"\u00dcbersicht \u00fcber m\u00f6gliche Bereiche systemischer Beratung f\u00fcr einen Abgleich, ob das Angebot zur pers\u00f6nlichen Fragestellung passt.\" \/>\n<meta property=\"og:url\" content=\"https:\/\/www.werte-im-blick.de\/wordpress\/?page_id=497\" \/>\n<meta property=\"og:site_name\" content=\"WERTE !M BLICK\" \/>\n<meta property=\"article:modified_time\" content=\"2025-01-08T08:02:14+00:00\" \/>\n<meta name=\"twitter:card\" content=\"summary_large_image\" \/>\n<meta name=\"twitter:label1\" content=\"Gesch\u00e4tzte Lesezeit\" \/>\n\t<meta name=\"twitter:data1\" content=\"1\u00a0Minute\" \/>\n<script type=\"application\/ld+json\" class=\"yoast-schema-graph\">{\"@context\":\"https:\/\/schema.org\",\"@graph\":[{\"@type\":\"WebPage\",\"@id\":\"https:\/\/www.werte-im-blick.de\/wordpress\/?page_id=497\",\"url\":\"https:\/\/www.werte-im-blick.de\/wordpress\/?page_id=497\",\"name\":\"moegliche_themenfelder_fuer_sytemische_beratung - WERTE !M BLICK %\",\"isPartOf\":{\"@id\":\"https:\/\/www.werte-im-blick.de\/wordpress\/#website\"},\"datePublished\":\"2025-01-03T22:28:48+00:00\",\"dateModified\":\"2025-01-08T08:02:14+00:00\",\"description\":\"\u00dcbersicht \u00fcber m\u00f6gliche Bereiche systemischer Beratung f\u00fcr einen Abgleich, ob das Angebot zur pers\u00f6nlichen Fragestellung passt.\",\"breadcrumb\":{\"@id\":\"https:\/\/www.werte-im-blick.de\/wordpress\/?page_id=497#breadcrumb\"},\"inLanguage\":\"de\",\"potentialAction\":[{\"@type\":\"ReadAction\",\"target\":[\"https:\/\/www.werte-im-blick.de\/wordpress\/?page_id=497\"]}]},{\"@type\":\"BreadcrumbList\",\"@id\":\"https:\/\/www.werte-im-blick.de\/wordpress\/?page_id=497#breadcrumb\",\"itemListElement\":[{\"@type\":\"ListItem\",\"position\":1,\"name\":\"Startseite\",\"item\":\"https:\/\/www.werte-im-blick.de\/wordpress\/\"},{\"@type\":\"ListItem\",\"position\":2,\"name\":\"moegliche_themenfelder_fuer_sytemische_beratung\"}]},{\"@type\":\"WebSite\",\"@id\":\"https:\/\/www.werte-im-blick.de\/wordpress\/#website\",\"url\":\"https:\/\/www.werte-im-blick.de\/wordpress\/\",\"name\":\"WERTE !M BLICK\",\"description\":\"\",\"publisher\":{\"@id\":\"https:\/\/www.werte-im-blick.de\/wordpress\/#organization\"},\"potentialAction\":[{\"@type\":\"SearchAction\",\"target\":{\"@type\":\"EntryPoint\",\"urlTemplate\":\"https:\/\/www.werte-im-blick.de\/wordpress\/?s={search_term_string}\"},\"query-input\":{\"@type\":\"PropertyValueSpecification\",\"valueRequired\":true,\"valueName\":\"search_term_string\"}}],\"inLanguage\":\"de\"},{\"@type\":\"Organization\",\"@id\":\"https:\/\/www.werte-im-blick.de\/wordpress\/#organization\",\"name\":\"WERTE !M BLICK\",\"url\":\"https:\/\/www.werte-im-blick.de\/wordpress\/\",\"logo\":{\"@type\":\"ImageObject\",\"inLanguage\":\"de\",\"@id\":\"https:\/\/www.werte-im-blick.de\/wordpress\/#\/schema\/logo\/image\/\",\"url\":\"https:\/\/www.werte-im-blick.de\/wordpress\/wp-content\/uploads\/2024\/12\/cropped-werte_im_blick_logo_website.png\",\"contentUrl\":\"https:\/\/www.werte-im-blick.de\/wordpress\/wp-content\/uploads\/2024\/12\/cropped-werte_im_blick_logo_website.png\",\"width\":329,\"height\":100,\"caption\":\"WERTE !M BLICK\"},\"image\":{\"@id\":\"https:\/\/www.werte-im-blick.de\/wordpress\/#\/schema\/logo\/image\/\"}}]}<\/script>\n<!-- \/ Yoast SEO plugin. -->","yoast_head_json":{"title":"moegliche_themenfelder_fuer_sytemische_beratung - WERTE !M BLICK %","description":"\u00dcbersicht \u00fcber m\u00f6gliche Bereiche systemischer Beratung f\u00fcr einen Abgleich, ob das Angebot zur pers\u00f6nlichen Fragestellung passt.","robots":{"index":"index","follow":"follow","max-snippet":"max-snippet:-1","max-image-preview":"max-image-preview:large","max-video-preview":"max-video-preview:-1"},"canonical":"https:\/\/www.werte-im-blick.de\/wordpress\/?page_id=497","og_locale":"de_DE","og_type":"article","og_title":"moegliche_themenfelder_fuer_sytemische_beratung - WERTE !M BLICK %","og_description":"\u00dcbersicht \u00fcber m\u00f6gliche Bereiche systemischer Beratung f\u00fcr einen Abgleich, ob das Angebot zur pers\u00f6nlichen Fragestellung passt.","og_url":"https:\/\/www.werte-im-blick.de\/wordpress\/?page_id=497","og_site_name":"WERTE !M BLICK","article_modified_time":"2025-01-08T08:02:14+00:00","twitter_card":"summary_large_image","twitter_misc":{"Gesch\u00e4tzte Lesezeit":"1\u00a0Minute"},"schema":{"@context":"https:\/\/schema.org","@graph":[{"@type":"WebPage","@id":"https:\/\/www.werte-im-blick.de\/wordpress\/?page_id=497","url":"https:\/\/www.werte-im-blick.de\/wordpress\/?page_id=497","name":"moegliche_themenfelder_fuer_sytemische_beratung - WERTE !M BLICK %","isPartOf":{"@id":"https:\/\/www.werte-im-blick.de\/wordpress\/#website"},"datePublished":"2025-01-03T22:28:48+00:00","dateModified":"2025-01-08T08:02:14+00:00","description":"\u00dcbersicht \u00fcber m\u00f6gliche Bereiche systemischer Beratung f\u00fcr einen Abgleich, ob das Angebot zur pers\u00f6nlichen Fragestellung passt.","breadcrumb":{"@id":"https:\/\/www.werte-im-blick.de\/wordpress\/?page_id=497#breadcrumb"},"inLanguage":"de","potentialAction":[{"@type":"ReadAction","target":["https:\/\/www.werte-im-blick.de\/wordpress\/?page_id=497"]}]},{"@type":"BreadcrumbList","@id":"https:\/\/www.werte-im-blick.de\/wordpress\/?page_id=497#breadcrumb","itemListElement":[{"@type":"ListItem","position":1,"name":"Startseite","item":"https:\/\/www.werte-im-blick.de\/wordpress\/"},{"@type":"ListItem","position":2,"name":"moegliche_themenfelder_fuer_sytemische_beratung"}]},{"@type":"WebSite","@id":"https:\/\/www.werte-im-blick.de\/wordpress\/#website","url":"https:\/\/www.werte-im-blick.de\/wordpress\/","name":"WERTE !M BLICK","description":"","publisher":{"@id":"https:\/\/www.werte-im-blick.de\/wordpress\/#organization"},"potentialAction":[{"@type":"SearchAction","target":{"@type":"EntryPoint","urlTemplate":"https:\/\/www.werte-im-blick.de\/wordpress\/?s={search_term_string}"},"query-input":{"@type":"PropertyValueSpecification","valueRequired":true,"valueName":"search_term_string"}}],"inLanguage":"de"},{"@type":"Organization","@id":"https:\/\/www.werte-im-blick.de\/wordpress\/#organization","name":"WERTE !M BLICK","url":"https:\/\/www.werte-im-blick.de\/wordpress\/","logo":{"@type":"ImageObject","inLanguage":"de","@id":"https:\/\/www.werte-im-blick.de\/wordpress\/#\/schema\/logo\/image\/","url":"https:\/\/www.werte-im-blick.de\/wordpress\/wp-content\/uploads\/2024\/12\/cropped-werte_im_blick_logo_website.png","contentUrl":"https:\/\/www.werte-im-blick.de\/wordpress\/wp-content\/uploads\/2024\/12\/cropped-werte_im_blick_logo_website.png","width":329,"height":100,"caption":"WERTE !M BLICK"},"image":{"@id":"https:\/\/www.werte-im-blick.de\/wordpress\/#\/schema\/logo\/image\/"}}]}},"_links":{"self":[{"href":"https:\/\/www.werte-im-blick.de\/wordpress\/index.php?rest_route=\/wp\/v2\/pages\/497","targetHints":{"allow":["GET"]}}],"collection":[{"href":"https:\/\/www.werte-im-blick.de\/wordpress\/index.php?rest_route=\/wp\/v2\/pages"}],"about":[{"href":"https:\/\/www.werte-im-blick.de\/wordpress\/index.php?rest_route=\/wp\/v2\/types\/page"}],"author":[{"embeddable":true,"href":"https:\/\/www.werte-im-blick.de\/wordpress\/index.php?rest_route=\/wp\/v2\/users\/1"}],"replies":[{"embeddable":true,"href":"https:\/\/www.werte-im-blick.de\/wordpress\/index.php?rest_route=%2Fwp%2Fv2%2Fcomments&post=497"}],"version-history":[{"count":7,"href":"https:\/\/www.werte-im-blick.de\/wordpress\/index.php?rest_route=\/wp\/v2\/pages\/497\/revisions"}],"predecessor-version":[{"id":516,"href":"https:\/\/www.werte-im-blick.de\/wordpress\/index.php?rest_route=\/wp\/v2\/pages\/497\/revisions\/516"}],"wp:attachment":[{"href":"https:\/\/www.werte-im-blick.de\/wordpress\/index.php?rest_route=%2Fwp%2Fv2%2Fmedia&parent=497"}],"curies":[{"name":"wp","href":"https:\/\/api.w.org\/{rel}","templated":true}]}}